157.
31
Calculate the remainder when 2383 is divided by 1189.
5
What is the remainder when 29018 is divided by 1073?
47
What is the remainder when 1338139 is divided by 13?
10
What is the remainder when 6346 is divided by 793?
2
What is the remainder when 20140 is divided by 9798?
544
Calculate the remainder when 6128 is divided by 15.
8
Calculate the remainder when 249245 is divided by 250.
245
What is the remainder when 8370 is divided by 208?
50
Calculate the remainder when 44279 is divided by 3689.
11
Calculate the remainder when 48395 is divided by 436.
435
Calculate the remainder when 21611 is divided by 1349.
27
Calculate the remainder when 7142 is divided by 357.
2
What is the remainder when 36396 is divided by 38?
30
What is the remainder when 3677 is divided by 1960?
1717
Calculate the remainder when 324 is divided by 98.
30
Calculate the remainder when 2956 is divided by 620.
476
Calculate the remainder when 7730037 is divided by 1741.
1738
What is the remainder when 11276 is divided by 79?
58
What is the remainder when 2055 is divided by 159?
147
What is the remainder when 4670 is divided by 111?
8
What is the remainder when 3030 is divided by 72?
6
Calculate the remainder when 14582 is divided by 1041.
8
Calculate the remainder when 2131128 is divided by 67.
59
What is the remainder when 69186 is divided by 69180?
6
What is the remainder when 482085 is divided by 153?
135
What is the remainder when 301742 is divided by 1188?
1178
What is the remainder when 6858 is divided by 1003?
840
What is the remainder when 10529 is divided by 10521?
8
What is the remainder when 15009 is divided by 250?
9
What is the remainder when 308 is divided by 106?
96
Calculate the remainder when 118202 is divided by 235.
232
What is the remainder when 5360 is divided by 1058?
70
What is the remainder when 17676 is divided by 480?
396
What is the remainder when 99550 is divided by 312?
22
What is the remainder when 1690 is divided by 24?
10
Calculate the remainder when 46178 is divided by 209.
198
Calculate the remainder when 77888 is divided by 31.
16
Calculate the remainder when 48239 is divided by 606.
365
Calculate the remainder when 38590 is divided by 38574.
16
Calculate the remainder when 11746 is divided by 22.
20
What is the remainder when 5175903 is divided by 76?
75
Calculate the remainder when 489464 is divided by 297.
8
What is the remainder when 578 is divided by 496?
82
What is the remainder when 32156 is divided by 3?
2
What is the remainder when 5266 is divided by 184?
114
What is the remainder when 495 is divided by 398?
97
What is the remainder when 56511 is divided by 10?
1
Calculate the remainder when 53488 is divided by 172.
168
Calculate the remainder when 26673 is divided by 52.
49
Calculate the remainder when 5240 is divided by 316.
184
What is the remainder when 24773 is divided by 65?
8
Calculate the remainder when 1971 is divided by 95.
71
Calculate the remainder when 30701 is divided by 254.
221
Calculate the remainder when 20087 is divided by 140.
67
What is the remainder when 6940 is divided by 2248?
196
Calculate the remainder when 9471 is divided by 860.
11
What is the remainder when 209166 is divided by 30?
6
Calculate the remainder when 1419 is divided by 52.
15
Calculate the remainder when 67017 is divided by 1031.
2
Calculate the remainder when 1515 is divided by 497.
24
What is the remainder when 5769 is divided by 384?
9
Calculate the remainder when 142692 is divided by 35.
32
What is the remainder when 396656 is divided by 531?
530
Calculate the remainder when 7534 is divided by 821.
145
Calculate the remainder when 9149 is divided by 339.
335
What is the remainder when 17772 is divided by 996?
840
What is the remainder when 13042 is divided by 599?
463
What is the remainder when 3228 is divided by 13?
4
What is the remainder when 24802 is divided by 8004?
790
Calculate the remainder when 594094 is divided by 4274.
8
Calculate the remainder when 206947 is divided by 12.
7
What is the remainder when 56205 is divided by 1710?
1485
Calculate the remainder when 411477 is divided by 81.
78
What is the remainder when 403426 is divided by 163?
1
What is the remainder when 31721 is divided by 20?
1
Calculate the remainder when 1992 is divided by 648.
48
Calculate the remainder when 4867 is divided by 326.
303
What is the remainder when 31618 is divided by 23?
16
Calculate the remainder when 123908 is divided by 135.
113
What is the remainder when 1785 is divided by 353?
20
What is the remainder when 55146 is divided by 1451?
8
What is the remainder when 347785 is divided by 27?
25
What is the remainder when 180237 is divided by 16?
13
What is the remainder when 74973 is divided by 937?
13
What is the remainder when 11636 is divided by 124?
104
Calculate the remainder when 2721 is divided by 707.
600
Calculate the remainder when 1098088 is divided by 249.
247
Calculate the remainder when 16900 is divided by 1824.
484
What is the remainder when 76630 is divided by 65?
60
Calculate the remainder when 15797 is divided by 1989.
1874
Calculate the remainder when 9523 is divided by 477.
460
Calculate the remainder when 1613 is divided by 104.
53
What is the remainder when 36285 is divided by 648?
645
What is the remainder when 316 is divided by 40?
36
Calculate the remainder when 347 is divided by 285.
62
Calculate the remainder when 17219 is divided by 15.
14
What is the remainder when 854 is divided by 23?
3
What is the remainder when 225281 is divided by 10726?
35
What is the remainder when 826 is divided by 69?
67
Calculate the remainder when 5586 is divided by 403.
347
What is the remainder when 23280 is divided by 7608?
456
Calculate the remainder when 2218 is divided by 37.
35
Calculate the remainder when 18112 is divided by 1131.
16
Calculate the remainder when 183144 is divided by 62.
58
What is the remainder when 1474 is divided by 964?
510
What is the remainder when 3375 is divided by 3354?
21
Calculate the remainder when 5147 is divided by 12.
11
What is the remainder when 3304 is divided by 171?
55
Calculate the remainder when 12342 is divided by 90.
12
What is the remainder when 5844 is divided by 450?
444
What is the remainder when 1420 is divided by 57?
52
Calculate the remainder when 3650 is divided by 135.
5
What is the remainder when 27523 is divided by 2112?
67
What is the remainder when 112034 is divided by 737?
10
What is the remainder when 60617 is divided by 14?
11
Calculate the remainder when 199460 is divided by 37.
30
What is the remainder when 135104 is divided by 29?
22
Calculate the remainder when 48298 is divided by 50.
48
Calculate the remainder when 666396 is divided by 11.
5
What is the remainder when 18425 is divided by 313?
271
Calculate the remainder when 1240 is divided by 102.
16
What is the remainder when 104497 is divided by 250?
247
Calculate the remainder when 2492245 is divided by 74.
73
Calculate the remainder when 2496 is divided by 94.
52
Calculate the remainder when 5658 is divided by 175.
58
Calculate the remainder when 8154 is divided by 8147.
7
Calculate the remainder when 12025 is divided by 899.
338
Calculate the remainder when 22485 is divided by 12.
9
What is the remainder when 247377 is divided by 17?
10
Calculate the remainder when 7965 is divided by 100.
65
What is the remainder when 2159 is divided by 413?
94
What is the remainder when 592316 is divided by 13?
10
Calculate the remainder when 6910 is divided by 388.
314
Calculate the remainder when 72768 is divided by 485.
18
What is the remainder when 7609783 is divided by 26?
25
What is the remainder when 116326 is divided by 102?
46
Calculate the remainder when 10067 is divided by 273.
239
What is the remainder when 4137 is divided by 61?
50
Calculate the remainder when 856642 is divided by 55.
17
Calculate the remainder when 71041 is divided by 35510.
21
Calculate the remainder when 265986 is divided by 12.
6
Calculate the remainder when 1082 is divided by 443.
196
What is the remainder when 2271117 is divided by 139?
135
Calculate the remainder when 14608 is divided by 69.
49
Calculate the remainder when 172420 is divided by 2156.
2096
What is the remainder when 44634 is divided by 687?
666
What is the remainder 